8860?
6
What is the billions digit of 1483796516?
1
What is the thousands digit of 594438?
4
What is the units digit of 316989166?
6
What is the millions digit of 336311455?
6
What is the units digit of 82506918?
8
What is the millions digit of 1979526?
1
What is the hundred thousands digit of 3722249964?
2
What is the ten thousands digit of 507277571?
7
What is the hundred millions digit of 353757498?
3
What is the millions digit of 1540926146?
0
What is the hundred millions digit of 726820332?
7
What is the units digit of 24810450?
0
What is the hundred thousands digit of 583834631?
8
What is the millions digit of 1188668526?
8
What is the hundred millions digit of 207652535?
2
What is the hundreds digit of 277845558?
5
What is the ten millions digit of 128719747?
2
What is the hundreds digit of 4522028929?
9
What is the ten thousands digit of 594367029?
6
What is the units digit of 93275236?
6
What is the hundred millions digit of 116746378?
1
What is the ten millions digit of 1269054204?
6
What is the ten thousands digit of 22809023?
0
What is the hundreds digit of 1957913919?
9
What is the thousands digit of 522686299?
6
What is the hundred thousands digit of 1021277718?
2
What is the tens digit of 24632553?
5
What is the hundred millions digit of 1519472994?
5
What is the units digit of 19192353?
3
What is the hundred millions digit of 1173349587?
1
What is the ten millions digit of 221967763?
2
What is the tens digit of 308100981?
8
What is the tens digit of 46683937?
3
What is the millions digit of 2071602539?
1
What is the ten millions digit of 44990702?
4
What is the ten thousands digit of 381435150?
3
What is the ten thousands digit of 5143927363?
2
What is the hundreds digit of 84264645?
6
What is the ten thousands digit of 2354051883?
5
What is the hundred thousands digit of 61303682?
3
What is the hundreds digit of 6089408?
4
What is the billions digit of 1738563946?
1
What is the ten thousands digit of 154367846?
6
What is the units digit of 819731320?
0
What is the tens digit of 115244860?
6
What is the ten thousands digit of 998980293?
8
What is the units digit of 4786987?
7
What is the ten millions digit of 573592198?
7
What is the hundred thousands digit of 5302121943?
1
What is the units digit of 26417994?
4
What is the hundred millions digit of 730991932?
7
What is the millions digit of 8117477925?
7
What is the thousands digit of 116652760?
2
What is the hundred thousands digit of 479881816?
8
What is the ten thousands digit of 46453047?
5
What is the ten millions digit of 2191538775?
9
What is the tens digit of 31807557?
5
What is the tens digit of 21951637?
3
What is the units digit of 1279689575?
5
What is the tens digit of 101543766?
6
What is the hundred millions digit of 759377893?
7
What is the ten millions digit of 462093902?
6
What is the units digit of 48945458?
8
What is the hundred thousands digit of 31551927?
5
What is the millions digit of 33260638?
3
What is the hundred millions digit of 2616915352?
6
What is the thousands digit of 340749667?
9
What is the thousands digit of 1085218334?
8
What is the hundred thousands digit of 955208536?
2
What is the thousands digit of 15379811?
9
What is the units digit of 73944329?
9
What is the units digit of 350681302?
2
What is the hundred thousands digit of 20833607?
8
What is the millions digit of 291046244?
1
What is the hundreds digit of 307387505?
5
What is the hundreds digit of 2311823273?
2
What is the hundred thousands digit of 738326185?
3
What is the units digit of 28316128?
8
What is the hundred thousands digit of 26040994?
0
What is the hundred millions digit of 3352434937?
3
What is the hundred millions digit of 2479656330?
4
What is the ten thousands digit of 501280?
0
What is the millions digit of 70936996?
0
What is the millions digit of 355208931?
5
What is the hundreds digit of 10133132?
1
What is the units digit of 120797745?
5
What is the hundreds digit of 5157876?
8
What is the ten millions digit of 268361762?
6
What is the thousands digit of 2312986?
2
What is the thousands digit of 176548939?
8
What is the hundred millions digit of 284251941?
2
What is the ten millions digit of 927978714?
2
What is the ten thousands digit of 115785324?
8
What is the hundred millions digit of 228174712?
2
What is the millions digit of 1507102977?
7
What is the millions digit of 159511223?
9
What is the millions digit of 5195057244?
5
What is the thousands digit of 133504504?
4
What is the millions digit of 128679117?
8
What is the thousands digit of 27824374?
4
What is the ten thousands digit of 146011282?
1
What is the hundreds digit of 128726525?
5
What is the units digit of 69554619?
9
What is the hundreds digit of 2943332?
3
What is the millions digit of 406837374?
6
What is the thousands digit of 110728688?
8
What is the thousands digit of 103677803?
7
What is the tens digit of 42833420?
2
What is the ten millions digit of 3824456538?
2
What is the units digit of 136182995?
5
What is the hundred millions digit of 661287279?
6
What is the ten millions digit of 129237603?
2
What is the ten thousands digit of 76787122?
8
What is the thousands digit of 1104076540?
6
What is the ten thousands digit of 38048947?
4
What is the ten millions digit of 3784902360?
8
What is the thousands digit of 15045694?
5
What is the thousands digit of 387117879?
7
What is the thousands digit of 13486550?
6
What is the ten millions digit of 28528422?
2
What is the hundred thousands digit of 165699939?
6
What is the hundred millions digit of 898395049?
8
What is the millions digit of 128502559?
8
What is the hundreds digit of 85352848?
8
What is the thousands digit of 227009955?
9
What is the ten millions digit of 79224723?
7
What is the hundreds digit of 2336038142?
1
What is the hundred thousands digit of 50889721?
8
What is the ten millions digit of 2192602294?
9
What is the units digit of 275666732?
2
What is the thousands digit of 116681674?
1
What is the hundred millions digit of 135125311?
1
What is the millions digit of 1287921144?
7
What is the units digit of 290321242?
2
What is the ten millions digit of 155297511?
5
What is the hundreds digit of 25765954?
9
What is the ten thousands digit of 19331460?
3
What is the units digit of 159880370?
0
What is the thousands digit of 326554920?
4
What is the thousands digit of 42769035?
9
What is the hundred thousands digit of 2238654272?
6
What is the billions digit of 3567643115?
3
What is the millions digit of 23846163?
3
What is the ten millions digit of 18024828?
1
What is the thousands digit of 70786383?
6
What is the millions digit of 2690101389?
0
What is the units digit of 413077815?
5
What is the units digit of 1748386970?
0
What is the ten thousands digit of 4539928?
3
What is the hundred thousands digit of 43178925?
1
What is the hundreds digit of 9132913847?
8
What is the ten millions digit of 2649374002?
4
What is the millions digit of 3691551632?
1
What is the ten millions digit of 3008297054?
0
What is the hundred millions digit of 161447806?
1
What is the hundreds digit of 202271421?
4
What is the units digit of 3083283?
3
What is the hundred millions digit of 388402148?
3
What is the ten thousands digit of 23263712?
6
What is the ten thousands digit of 752446809?
4
What is the tens digit of 191351895?
9
What is the ten thousands digit of 44112156?
1
What is the hundred thousands digit of 45707145?
7
What is the millions digit of 124970425?
4
What is the ten millions digit of 107426365?
0
What is the ten millions digit of 1541854821?
4
What is the tens digit of 22630624?
2
What is the thousands digit of 149154638?
4
What is the ten millions digit of 47763386?
4
What is the ten thousands digit of 1964339420?
3
What is the hundred millions digit of 102306530?
1
What is the hundred thousands digit of 57945937?
9
What is the thousands digit of 4743156602?
6
What is the hundred millions digit of 951108584?
9
What is the thousands digit of 255445295?
5
What is the hundreds digit of 878357263?
2
What is the hundred thousands digit of 2579562135?
5
What is the hundred thousands digit of 1805795215?
7
What is the thousands digit of 3350058?
0
What is the millions digit of 53345494?
3
What is the tens digit of 47933637?
3